
Is 3254201 a multiple of 65?
False
Does 8 divide 221256?
True
Is 5242344 a multiple of 184?
True
Is 128 a factor of 541397?
False
Is 15 a factor of 202515?
True
Does 103 divide 1184706?
True
Is 27 a factor of 3691170?
True
Is 24 a factor of 3397728?
True
Is 180 a factor of 96683?
False
Is 625 a factor of 1785625?
True
Is 5748774 a multiple of 17?
False
Is 20 a factor of 369431?
False
Is 23 a factor of 17084607?
True
Does 35 divide 1666095?
False
Does 62 divide 10646702?
True
Is 17808 a multiple of 14?
True
Is 281 a factor of 3821321?
False
Is 144 a factor of 74331?
False
Is 333473 a multiple of 55?
False
Is 12 a factor of 60976?
False
Does 141 divide 7197768?
True
Does 121 divide 48059?
False
Is 186 a factor of 111600?
True
Is 39595 a multiple of 5?
True
Is 132 a factor of 98347?
False
Does 14 divide 5428510?
False
Does 33 divide 9330618?
True
Does 87 divide 164263?
False
Is 339 a factor of 7718013?
True
Is 4 a factor of 27632?
True
Is 2833971 a multiple of 56?
False
Is 4 a factor of 1147060?
True
Is 29 a factor of 209391?
False
Does 15 divide 11349930?
True
Is 42 a factor of 39159?
False
Is 16 a factor of 90254?
False
Is 5 a factor of 2308190?
True
Is 873 a factor of 593492?
False
Is 172 a factor of 281048?
True
Is 112 a factor of 219968?
True
Is 79 a factor of 127190?
True
Does 124 divide 608592?
True
Is 9 a factor of 31788?
True
Is 17221259 a multiple of 25?
False
Does 100 divide 50145?
False
Does 83 divide 10743380?
False
Does 127 divide 76454?
True
Is 2235156 a multiple of 14?
True
Does 14 divide 11758502?
True
Is 1673762 a multiple of 5?
False
Is 26 a factor of 3397030?
True
Is 120 a factor of 223630?
False
Is 778171 a multiple of 43?
True
Is 2760506 a multiple of 23?
True
Does 430 divide 2839035?
False
Is 317423 a multiple of 37?
True
Is 1009332 a multiple of 69?
True
Is 6476785 a multiple of 22?
False
Is 23 a factor of 148546?
False
Does 162 divide 764642?
False
Is 105492 a multiple of 59?
True
Is 11 a factor of 139095?
True
Does 184 divide 1225562?
False
Is 121 a factor of 15658853?
False
Does 179 divide 1990659?
True
Is 129467 a multiple of 3?
False
Is 1746284 a multiple of 342?
False
Is 229060 a multiple of 26?
True
Is 17 a factor of 2088739?
True
Is 49 a factor of 413100?
False
Is 7959779 a multiple of 11?
False
Does 57 divide 6206673?
True
Does 161 divide 452021?
False
Does 15 divide 87030?
True
Does 1096 divide 939715?
False
Is 593 a factor of 2450869?
True
Is 2156 a multiple of 49?
True
Is 6 a factor of 101565?
False
Is 8 a factor of 108576?
True
Is 77468 a multiple of 4?
True
Is 12376 a multiple of 26?
True
Does 7 divide 88571?
True
Is 553 a factor of 2083504?
False
Is 814306 a multiple of 251?
False
Does 7 divide 107604?
True
Is 266 a factor of 3964730?
True
Does 355 divide 569442?
False
Is 46354 even?
True
Does 220 divide 108460?
True
Does 4 divide 2916672?
True
Is 20690 a multiple of 50?
False
Is 236522 a multiple of 13?
True
Does 541 divide 521938?
False
Is 3 a factor of 363195?
True
Does 78 divide 265826?
False
Does 64 divide 389952?
True
Is 60 a factor of 5009940?
True
Does 1294 divide 8236310?
True
Is 1158207 a multiple of 371?
False
Does 46 divide 6765730?
False
Is 279040 a multiple of 436?
True
Is 10 a factor of 40492?
False
Is 1596640 a multiple of 17?
True
Does 4 divide 32488?
True
Is 40687 a multiple of 61?
True
Does 118 divide 356360?
True
Is 153 a factor of 16769155?
False
Does 38 divide 6226300?
True
Does 1204 divide 2611465?
False
Is 25 a factor of 61225?
True
Is 49120 a multiple of 275?
False
Is 439 a factor of 311251?
True
Is 106190 a multiple of 35?
True
Does 327 divide 664791?
True
Is 320928 a multiple of 6?
True
Is 42 a factor of 5252236?
False
Does 4 divide 1927016?
True
Is 71 a factor of 323760?
True
Is 207040 a multiple of 40?
True
Does 11 divide 4058538?
True
Does 25 divide 983860?
False
Is 6 a factor of 849519?
False
Does 156 divide 650085?
False
Is 7 a factor of 1109045?
True
Does 24 divide 34830672?
True
Is 12 a factor of 122321?
False
Is 1413640 a multiple of 20?
True
Is 137 a factor of 26076172?
False
Is 7 a factor of 267071?
True
Does 10 divide 211056?
False
Does 5 divide 89031?
False
Is 3062306 a multiple of 102?
False
Is 2139514 a multiple of 122?
True
Is 18 a factor of 136655?
False
Is 5 a factor of 157057?
False
Does 1034 divide 648318?
True
Does 27 divide 9014777?
False
Does 779 divide 122872?
False
Is 72458 a multiple of 2?
True
Is 330 a factor of 1978736?
False
Does 49 divide 252500?
False
Is 20 a factor of 142709?
False
Is 546703 a multiple of 7?
False
Is 152 a factor of 1032283?
False
Is 169 a factor of 12132618?
False
Does 17 divide 191597?
False
Is 452 a factor of 2735402?
False
Is 183 a factor of 1690737?
True
Does 4 divide 236?
True
Is 3721456 a multiple of 8?
True
Is 542974 a multiple of 481?
False
Is 2049798 a multiple of 93?
False
Does 57 divide 151221?
True
Does 46 divide 49130?
False
Does 689 divide 1440699?
True
Is 181972 a multiple of 28?
True
Does 27 divide 218576?
False
Is 12675 a multiple of 325?
True
Is 2745312 a multiple of 25?
False
Does 342 divide 1918363?
False
Is 22 a factor of 158912?
False
Is 9499186 a multiple of 285?
False
Is 4 a factor of 1788370?
False
Does 53 divide 18431?
False
Is 137691 a multiple of 5?
False
Is 108284 a multiple of 508?
False
Does 97 divide 19641821?
True
Does 36 divide 444051?
False
Is 84 a factor of 1581?
False
Is 16 a factor of 1464608?
True
Does 459 divide 501228?
True
Is 56 a factor of 7745640?
True
Does 456 divide 144290?
False
Does 13 divide 1944228?
True
Is 20 a factor of 459477?
False
Is 2252448 a multiple of 1738?
True
Is 27 a factor of 48841?
False
Is 972 a factor of 436810?
False
Is 15046 a multiple of 42?
False
Is 207157 a multiple of 73?
False
Is 4656049 a multiple of 6?
False
Does 37 divide 690013?
True
Is 1486 a multiple of 23?
False
Is 16 a factor of 14990016?
True
Is 426530 a multiple of 193?
True
Is 31845 a multiple of 10?
False
Is 84300 a multiple of 12?
True
Is 933820 a multiple of 178?
False
Is 6 a factor of 181121?
False
Is 4718 a multiple of 14?
True
Does 128 divide 279424?
True
Is 471 a factor of 27603?
False
Is 880308 a multiple of 429?
True
Is 113 a factor of 2851668?
True
Is 4802102 a multiple of 302?
True
Is 18 a factor of 1469592?
True
Is 330252 a multiple of 6?
True
Is 178266 a multiple of 111?
True
Is 32819 a multiple of 37?
True
Is 28 a factor of 2228464?
True
Is 1124 a factor of 3194414?
False
Is 3046307 a multiple of 188?
False
Does 50 divide 1333805?
False
Is 91 a factor of 8218378?
False
Is 65156 a multiple of 52?
True
Is 296973 a multiple of 26?
False
Is 65 a factor of 2575235?
True
Is 1940295 a multiple of 543?
False
Is 46 a factor of 460628?
False
Is 682237 a multiple of 3?
False
Is 14 a factor of 522552?
False
Is 172 a factor of 58904?
False
Is 84616 even?
True
Is 153 a factor of 350676?
True
Is 36 a factor of 22921019?
False
Is 453696 a multiple of 8?
True
Does 6 divide 8452?
False
Is 15195834 a multiple of 9?
True
Does 240 divide 1039869?
False
Is 12605828 a multiple of 619?
False
Is 38 a factor of 1819507?
False
Is 20 a factor of 2415741?
False
Does 704 divide 3328512?
True
Does 140 divide 299144?
False
Is 3149729 a multiple of 798?
False
Is 11 a factor of 8393?
True
Is 10 a factor of 75600?
True
Is 476379 a multiple of 123?
True
Is 89229 a multiple of 49?
True
Does 6 divide 121184?
False
Is 30 a factor of 13525546?
False
Is 6 a factor of 1657218?
True
Is 5 a factor of 7290?
True
Is 18 a factor of 323244?
True
Is 4463971 a multiple of 9?
False
Is 25 a factor of 2326191?
False
Is 284 a factor of 637296?
True
Is 4 a factor of 173159?
False
Is 96 a factor of 313920?
True
Is 83 a factor of 164650?
False
Is 187 a factor of 86550?
False
Does 527 divide 858483?
True
Is 14 a factor of 382078?
False
Does 256 divide 440320?
True
Is 10 a factor of 6242138?
False
Is 1399 a factor of 15821291?
True
Does 10 divide 598900?
True
Is 95024 a multiple of 8?
True
Is 1817981 a multiple of 11?
True
Is 18 a factor of 31452?
False
Is 16 a factor of 1207699?
False
Is 9480 a multiple of 40?
True
Is 378557 a multiple of 63?
False
Is 16 a factor of 120900?
False
Does 61 divide 193399?
False
Is 15 a factor of 3392580?
True
Does 264 divide 34848?
True
Does 3 divide 2740704?
True
Is 243 a factor of 204464?
False
Is 230325 a